ors of i(u).
3, 7
Suppose -5*s + 165 = 6*s. What are the prime factors of (-125)/s*498/(-5)?
2, 5, 83
Let c be (-15)/(-10)*8*4/1. Let j = c - 31. Suppose 0 = q - 9 - j. What are the prime factors of q?
2, 13
Let h(q) = -3512*q - 5410. What are the prime factors of h(-9)?
2, 13099
Let m(k) = -53*k + 468. What are the prime factors of m(6)?
2, 3, 5
Suppose 3*f + 5*p = 24066, -5*f - 3*p + 51951 = 11873. List the prime factors of f.
2, 2003
Suppose 262*q - 1044 = 274*q. Let d = 1374 + q. List the prime factors of d.
3, 11, 13
Suppose 4 = 5*v - 4*m, m + m - 12 = -v. Suppose -12 = -3*c, c - v*c = -2*x + 1138. Suppose -3*s = -16 - x. List the prime factors of s.
197
Suppose -g = 4*g + s - 1442, g = -4*s + 296. Suppose -3*n + 72 = u, -3*u + 7*u + n - g = 0. List the prime factors of u.
2, 3
Suppose 15732 = 17*j - 3631. Suppose 0 = -4*p + 3*i + 319 + 1178, 3*p = -i + j. List the prime factors of p.
2, 3, 7
Let x = 9123 + -3041. List the prime factors of x.
2, 3041
Let k be 7 + 263*28/4. Suppose k = -109*d + 117*d. List the prime factors of d.
3, 7, 11
Suppose 1706 + 2262 = 4*t - c, 5*c = -20. Suppose f - 2*y - 243 = 3*y, -4*f + t = -y. What are the prime factors of f?
2, 31
Suppose -51108 = -5*i + 15067. What are the prime factors of i?
5, 2647
Suppose 20*m + 581 = 13*m. Suppose 50 = -2*u - 3*z + 5, 4*z - 140 = 4*u. Let i = u - m. List the prime factors of i.
53
Let l = 100 + -100. List the prime factors of (-181)/(-5) + (l - 12/(-15)).
37
Suppose 20*d - 10*d = -10. Let y(h) = -299*h**3 + 2*h**2 + h - 1. List the prime factors of y(d).
13, 23
Let t be ((-5)/10)/(5/(-40)). Suppose -t*s + w + 2*w + 5600 = 0, s - 1400 = -4*w. List the prime factors of s.
2, 5, 7
Suppose -181*d + 86982 = -89*d - 78*d. List the prime factors of d.
3, 19, 109
List the prime factors of 9/(-24) + -11 + 257913/24.
5, 19, 113
Suppose -19*u - 9044 = -21584. Suppose 7*x - u = 3*x + 2*p, -2*x - 4*p = -340. List the prime factors of x.
2, 83
Let g = 723 + -721. Suppose -g*i = -5*w + 7133, -5*w - i = -4*w - 1428. List the prime factors of w.
1427
Suppose 1952011 = -41*r + 102*r + 18*r. List the prime factors of r.
24709
Suppose -4*z - b + 10144 + 11437 = 0, -26995 = -5*z - 5*b. List the prime factors of z.
2, 3, 29, 31
Let z = 56 + -52. Suppose z*p + 144 = -32. List the prime factors of p*(-4)/(-8)*-1.
2, 11
Let u(t) = -7*t - 31. Let f be u(-4). Let h(y) = -262*y + 38. List the prime factors of h(f).
2, 103
Suppose 0 = -15*j + 10*j. Suppose 2*u + 3*o - 150 = j, 6*u + 5*o - 302 = 2*u. What are the prime factors of u?
2, 3, 13
Let v(h) be the first derivative of 4*h**3/3 + h**2 + 19. Let j be v(-1). Suppose -203 = -3*d + j*b, 5*d = 2*b + 2*b + 335. What are the prime factors of d?
71
Let y(b) = -30*b - 84. Let c be (1*-5 + 1)*343/196. What are the prime factors of y(c)?
2, 3, 7
Suppose 260 = -15*m + 2120. Suppose -10*u - m = -954. What are the prime factors of u?
83
Let k be 6/(-16)*(-8664)/(-342)*-2. Let x(i) be the third derivative of i**6/120 - 19*i**5/60 + 5*i**4/24 - 17*i**3/6 - i**2. List the prime factors of x(k).
2, 3, 13
Let m be (0 + 20/(-15))*(8 + 1). Let w be ((-3)/2)/(-4*m/512). List the prime factors of ((-2)/6)/(w/(-48)) + 92.
7, 13
Suppose -200436 = -4*k - 65*q + 63*q, 8 = -2*q. What are the prime factors of k?
50111
Suppose 5*d + 10634 = -2*i, 4253 = -2*d - 0*i - i. Let x(z) = -26*z + 328. Let y be x(13). List the prime factors of 4/y + d/(-70).
2, 3, 5
Suppose 4*t - 5*o = 2*t - 12, 4*t = 4*o - 12. Let q be t/2 - (-5)/10. Suppose -k - 3*x = -q*k - 122, 0 = -3*k + 2*x + 311. List the prime factors of k.
107
Let o(s) = 4*s + 9*s - 6*s + 23 - s + 8*s**2. What are the prime factors of o(-6)?
5, 11
Suppose -5 = 4*n + 3, -5*u = 3*n - 24334. List the prime factors of u.
2, 1217
Let g = 304 - 403. Let d = 529 + g. List the prime factors of d.
2, 5, 43
Let m(n) = 131 + 17*n - 6*n + 16*n + 3*n. What are the prime factors of m(6)?
311
Suppose 202*k = 207*k + 15. Let j(h) = 4*h**2 - 3*h**3 + 4 - 4*h**2 - 3*h**2 + 3*h. List the prime factors of j(k).
7
Suppose -2*u = 4*l - 8, 5*l - 3*u + 0 = 32. Suppose 0*n - 2*n - 2*w = -416, -5*w = -l*n + 859. What are the prime factors of n?
211
List the prime factors of (-974)/(2 - 1920/464*(-2)/(-4)).
29, 487
Let z(w) = 2*w**2 + 147*w + 1160. List the prime factors of z(-92).
2, 7, 163
Suppose l - 28 = 8. Let g(a) = 3*a**2 - 6*a - 6. Let k be g(5). Let v = k - l. What are the prime factors of v?
3
Suppose -93*p + 174239 = 23*p + 12535. List the prime factors of p.
2, 17, 41
Let h = 10151 + -1165. What are the prime factors of h?
2, 4493
Let j(o) = 941*o**2 + 1221 - 939*o**2 + 4*o**3 - 2*o**3. What are the prime factors of j(0)?
3, 11, 37
Suppose 4210250 = -857*q + 982*q. What are the prime factors of q?
2, 11, 1531
Suppose 7*a - 9*a + 50 = 0. What are the prime factors of (0 - 5)*(-28 - a)?
5, 53
Let o(j) = j**2 + 11*j + 1. Let a = -52 + 43. Let q be o(a). Let r = q + 60. What are the prime factors of r?
43
Let s = -108 - -112. Let r(b) = 123*b - 32. What are the prime factors of r(s)?
2, 5, 23
Suppose -2*p + 344 + 282 = 0. Let j = p - 83. Let v = -16 + j. List the prime factors of v.
2, 107
Let n = -126 + 128. Suppose 0 = 4*i - 12, 0 = -n*h - 10*i + 11*i + 233. List the prime factors of h.
2, 59
Let r(d) = 61*d + 5. Let x(m) = -92*m - 7. Let z(t) = 8*r(t) + 5*x(t). Let n be z(5). Suppose -2*a - 11 = -3, -5*a = -5*h + n. List the prime factors of h.
5
Let b(l) = -6*l**3 + 9*l**3 - 4*l**3 + 2 - 7 - 7*l + 9*l**2. Let z be b(8). Suppose -2*n - z*n = -210. What are the prime factors of n?
2, 3, 7
List the prime factors of -1 + (-60*772)/(-12).
17, 227
List the prime factors of 34/(-170) - 1/10*-317062.
2, 83, 191
Let o = -113 + 126. What are the prime factors of (-1 - -554) + 91/o?
2, 5, 7
Let u = -161 - -163. Suppose u*x = 0, 5*l - 5*x = -3*x + 1675. What are the prime factors of l?
5, 67
Suppose 166*r - 1077488 = 5345882. What are the prime factors of r?
5, 71, 109
Suppose 3*g + 6350 - 838 = 2*r, -2*g = 4. Let n = 3982 - r. List the prime factors of n.
1229
Suppose 197 - 53 = 6*u. Let w be 3*(-1600)/u*15/6. Let r = w + 733. What are the prime factors of r?
233
Suppose 2*q - 7*q - 3820 = 0. Let v = q + 1332. List the prime factors of v.
2, 71
Let w(b) be the third derivative of 0 + 8*b**2 - 1/30*b**5 + 1/12*b**4 + 0*b - 1/120*b**6 + 5/6*b**3. What are the prime factors of w(-4)?
29
Let w(a) = a**3 + 35*a**2 + 218*a + 11. What are the prime factors of w(-24)?
5, 223
Let l = -3467 - -1373. Let k = l - -3067. List the prime factors of k.
7, 139
List the prime factors of (1 - (-6 - -2))/((35/1410)/7).
2, 3, 5, 47
Let q(g) = 3*g**3 + 7*g**2 + 4*g + 2. Let h(r) = -2*r**3 - 6*r**2 - 4*r - 2. Let y(w) = 4*h(w) + 3*q(w). What are the prime factors of y(6)?
2, 41
Suppose -q + 3*t + 11158 = 0, -4*t + 11446 + 44325 = 5*q. What are the prime factors of q?
5, 23, 97
Suppose 0 = 44*r - 45*r + 5. Suppose -b - k + 1196 = 0, 4*b + r*k - 7*k - 4772 = 0. List the prime factors of b.
2, 3, 199
Suppose 19*b = 20*b - 5*l - 701, 0 = -3*b - 4*l + 2103. Let m = 998 - b. What are the prime factors of m?
3, 11
Suppose 3*c + 11*c + 252 = 0. What are the prime factors of (3 - 41)/(3/c)?
2, 3, 19
Suppose 5*g = -15, 0*v - 85 = -4*v - 5*g. Suppose -f + 9 = -v. Let q = 47 - f. List the prime factors of q.
13
Let i(f) = -2*f**3 + f**2 + f. Let k(o) = -9*o**3 - 11*o**2 - 25*o - 17. Let a(j) = -4*i(j) + k(j). What are the prime factors of a(-15)?
2, 11, 19
Let n be ((-57)/(-38))/((-1)/(-2)). Suppose x + 2*v = 2*x - 403, 12 = -n*v. What are the prime factors of x?
5, 79
Let r(p) be the third derivative of 18*p**2 - 29/4*p**4 + 1/3*p**3 + 0*p + 0. List the prime factors of r(-1).
2, 11
Suppose 91*y - 47*y + 118*y - 6382152 = 0. List the prime factors of y.
2, 3, 7, 67
Let a(m) = 2963*m - 10185. List the prime factors of a(16).
37223
Let z = -8 - 15. Let v = z - -24. List the prime factors of -6*(-7 - (v - 0)).
2, 3
Let r be 1/((-4)/52*-1). Suppose 0 = -r*z + z + 2616. List the prime factors of z.
2, 109
What are the prime factors of (4/(-1 + 9))/((-5)/(-174390))?
3, 5813
Let t(z) = -16*z + 153. Let s be t(8). Suppose -s*c = -515 - 9985. What are the prime factors of c?
2, 3, 5, 7
Let f(w) = 8*w**2 + 12*w + 264. What are the prime factors of f(-33)?
2, 3, 5, 11, 13
Let g(n) = 698*